{"id":2,"date":"2016-01-21T15:50:40","date_gmt":"2016-01-21T14:50:40","guid":{"rendered":"http:\/\/sanitaer-heizungsbau-brandt.de\/?page_id=2"},"modified":"2019-06-26T17:46:34","modified_gmt":"2019-06-26T15:46:34","slug":"beispiel-seite","status":"publish","type":"page","link":"https:\/\/sanitaer-heizungsbau-brandt.de\/","title":{"rendered":"Willkommen"},"content":{"rendered":"<h3 align=\"left\">\u00a0&#8230; auf den Seiten von Sanit\u00e4r- und Heizungsbau Brandt !<\/h3>\n<p><img loading=\"lazy\" class=\"aligncenter wp-image-7\" src=\"https:\/\/sanitaer-heizungsbau-brandt.de\/wp-content\/uploads\/2016\/01\/home3.jpg\" alt=\"\" width=\"1000\" height=\"394\" srcset=\"https:\/\/sanitaer-heizungsbau-brandt.de\/wp-content\/uploads\/2016\/01\/home3.jpg 1000w, https:\/\/sanitaer-heizungsbau-brandt.de\/wp-content\/uploads\/2016\/01\/home3-300x118.jpg 300w, https:\/\/sanitaer-heizungsbau-brandt.de\/wp-content\/uploads\/2016\/01\/home3-500x197.jpg 500w\" sizes=\"(max-width: 1000px) 100vw, 1000px\" \/><\/p>\n<p>Bei uns bekommen Sie alles aus einer Hand, egal ob Ihre Heizung &#8222;nur&#8220; tropft, oder ob Sie eine komplett neue Anlage ben\u00f6tigen.<br \/>\nGern bauen wir Ihnen auch modernste Technik ein oder r\u00fcsten Ihre alte Anlage so um\/auf, dass sie modernsten Richtlinien, sowohl umwelttechnisch als auch energetisch, entspricht.&lt;<br \/>\nSolar, \u00d6l- oder Gasbrennwert-Technik &#8230; sprechen Sie uns an, wir werden die f\u00fcr Sie passende und ideale L\u00f6sung finden.<\/p>\n<p style=\"text-align: left;\" align=\"center\">Wir arbeiten mit allen namhaften Herstellern von Heizungsanlagen, Brennwert-Techniken, Solaranlagen, Badezimmerarmaturen, Duschsystemen sowie Sanit\u00e4rtechniken zusammen.<\/p>\n<p align=\"center\">\n<p align=\"center\">\n<p>Informieren Sie sich auf unseren Seiten \u00fcber unser komplettes Angebot. Gern vereinbaren wir einen Termin mit Ihnen, um weitere Fragen zu besprechen. Kontaktm\u00f6glichkeiten finden Sie unter -&gt; Kontakt.<\/p>\n<p>Ihr Team von Sanit\u00e4r- &amp; Heizungsbau Brandt<\/p>\n","protected":false},"excerpt":{"rendered":"<p>\u00a0&#8230; auf den Seiten von Sanit\u00e4r- und Heizungsbau Brandt ! Bei uns bekommen Sie alles aus einer Hand, egal ob Ihre Heizung &#8222;nur&#8220; tropft, oder ob Sie eine komplett neue Anlage ben\u00f6tigen. Gern bauen wir Ihnen auch modernste Technik ein oder r\u00fcsten Ihre alte Anlage so um\/auf, dass sie modernsten Richtlinien, sowohl umwelttechnisch als auch &hellip; <a href=\"https:\/\/sanitaer-heizungsbau-brandt.de\/\" class=\"more-link\"><span class=\"screen-reader-text\">Willkommen<\/span> weiterlesen <span class=\"meta-nav\">&rarr;<\/span><\/a><\/p>\n","protected":false},"author":1,"featured_media":0,"parent":0,"menu_order":0,"comment_status":"closed","ping_status":"closed","template":"","meta":[],"_links":{"self":[{"href":"https:\/\/sanitaer-heizungsbau-brandt.de\/index.php?rest_route=\/wp\/v2\/pages\/2"}],"collection":[{"href":"https:\/\/sanitaer-heizungsbau-brandt.de\/index.php?rest_route=\/wp\/v2\/pages"}],"about":[{"href":"https:\/\/sanitaer-heizungsbau-brandt.de\/index.php?rest_route=\/wp\/v2\/types\/page"}],"author":[{"embeddable":true,"href":"https:\/\/sanitaer-heizungsbau-brandt.de\/index.php?rest_route=\/wp\/v2\/users\/1"}],"replies":[{"embeddable":true,"href":"https:\/\/sanitaer-heizungsbau-brandt.de\/index.php?rest_route=%2Fwp%2Fv2%2Fcomments&post=2"}],"version-history":[{"count":19,"href":"https:\/\/sanitaer-heizungsbau-brandt.de\/index.php?rest_route=\/wp\/v2\/pages\/2\/revisions"}],"predecessor-version":[{"id":158,"href":"https:\/\/sanitaer-heizungsbau-brandt.de\/index.php?rest_route=\/wp\/v2\/pages\/2\/revisions\/158"}],"wp:attachment":[{"href":"https:\/\/sanitaer-heizungsbau-brandt.de\/index.php?rest_route=%2Fwp%2Fv2%2Fmedia&parent=2"}],"curies":[{"name":"wp","href":"https:\/\/api.w.org\/{rel}","templated":true}]}}