{"id":26,"date":"2016-01-25T13:04:32","date_gmt":"2016-01-25T12:04:32","guid":{"rendered":"http:\/\/sanitaer-heizungsbau-brandt.de\/?page_id=26"},"modified":"2019-06-26T17:43:48","modified_gmt":"2019-06-26T15:43:48","slug":"heizung","status":"publish","type":"page","link":"https:\/\/sanitaer-heizungsbau-brandt.de\/?page_id=26","title":{"rendered":"Heizung"},"content":{"rendered":"<p class=\"Stil2\">Heizungsanlagen k\u00f6nnen Sie bei uns in den verschiedensten Ausf\u00fchrungen erhalten. W\u00fcnschen Sie mehr Informationen ? Nehmen Sie Kontakt mit uns auf, wir beraten Sie gern !<\/p>\n<table border=\"0\" width=\"40%\">\n<tbody>\n<tr>\n<td>\n<ul>\n<li>\n<h4 class=\"Stil2\">Gasheizungsanlagen<\/h4>\n<\/li>\n<li class=\"Stil2\">\n<h4>\u00d6lheizungsanlagen<\/h4>\n<\/li>\n<li class=\"Stil2\">\n<h4>Pelletheizungen<\/h4>\n<\/li>\n<li class=\"Stil2\">\n<h4>Scheitholz-Heizungen<\/h4>\n<\/li>\n<li class=\"Stil2\">\n<h4>Hackschnitzel-Heizungen<\/h4>\n<\/li>\n<li class=\"Stil2\">\n<h4>W\u00e4rmepumpen<\/h4>\n<\/li>\n<li>\n<h4 class=\"Stil2\">Heizk\u00f6rper- und Fussbodenheizung<\/h4>\n<\/li>\n<\/ul>\n<\/td>\n<\/tr>\n<\/tbody>\n<\/table>\n<p>Bei uns k\u00f6nnen Sie Heizungen und Zubeh\u00f6r folgender Hersteller erhalten:<\/p>\n<p><img loading=\"lazy\" class=\"alignnone size-medium wp-image-57\" src=\"https:\/\/sanitaer-heizungsbau-brandt.de\/wp-content\/uploads\/2016\/01\/vaillant-300x109.jpg\" alt=\"vaillant\" width=\"300\" height=\"109\" srcset=\"https:\/\/sanitaer-heizungsbau-brandt.de\/wp-content\/uploads\/2016\/01\/vaillant-300x109.jpg 300w, https:\/\/sanitaer-heizungsbau-brandt.de\/wp-content\/uploads\/2016\/01\/vaillant-1024x373.jpg 1024w, https:\/\/sanitaer-heizungsbau-brandt.de\/wp-content\/uploads\/2016\/01\/vaillant.jpg 1860w\" sizes=\"(max-width: 300px) 100vw, 300px\" \/><img loading=\"lazy\" class=\"alignnone size-medium wp-image-112\" src=\"https:\/\/sanitaer-heizungsbau-brandt.de\/wp-content\/uploads\/2016\/01\/Logo_EnKs_4c-300x101.jpg\" alt=\"Logo_EnKs_4c\" width=\"300\" height=\"101\" srcset=\"https:\/\/sanitaer-heizungsbau-brandt.de\/wp-content\/uploads\/2016\/01\/Logo_EnKs_4c-300x101.jpg 300w, https:\/\/sanitaer-heizungsbau-brandt.de\/wp-content\/uploads\/2016\/01\/Logo_EnKs_4c.jpg 400w\" sizes=\"(max-width: 300px) 100vw, 300px\" \/> <img loading=\"lazy\" class=\"alignnone size-full wp-image-61\" src=\"https:\/\/sanitaer-heizungsbau-brandt.de\/wp-content\/uploads\/2016\/01\/ETA.jpg\" alt=\"ETA\" width=\"258\" height=\"112\" \/><\/p>\n<p>&nbsp;<\/p>\n<p><img loading=\"lazy\" src=\"https:\/\/sanitaer-heizungsbau-brandt.de\/brandt\/images\/buderus\/feuer1.jpg\" alt=\"\" width=\"238\" height=\"400\" \/><img loading=\"lazy\" src=\"https:\/\/sanitaer-heizungsbau-brandt.de\/brandt\/images\/buderus\/feuer2.jpg\" alt=\"\" width=\"354\" height=\"400\" \/><\/p>\n<p>Das Wichtigste ist die Planung vorab &#8211; sprechen Sie uns an, wir k\u00fcmmern uns um alles, egal ob mit oder ohne Solarthermie, wir erf\u00fcllen sowohl technisch als auch energetisch die hohen Anspr\u00fcche,\u00a0 die in unsere moderne Zeit geh\u00f6ren. <img loading=\"lazy\" class=\" aligncenter\" src=\"https:\/\/sanitaer-heizungsbau-brandt.de\/brandt\/images\/buderus\/uebersicht1.jpg\" alt=\"\" width=\"400\" height=\"230\" \/> <img loading=\"lazy\" class=\" aligncenter\" src=\"https:\/\/sanitaer-heizungsbau-brandt.de\/brandt\/images\/buderus\/uebersicht2.jpg\" alt=\"\" width=\"400\" height=\"314\" \/><\/p>\n","protected":false},"excerpt":{"rendered":"<p>Heizungsanlagen k\u00f6nnen Sie bei uns in den verschiedensten Ausf\u00fchrungen erhalten. W\u00fcnschen Sie mehr Informationen ? Nehmen Sie Kontakt mit uns auf, wir beraten Sie gern ! Gasheizungsanlagen \u00d6lheizungsanlagen Pelletheizungen Scheitholz-Heizungen Hackschnitzel-Heizungen W\u00e4rmepumpen Heizk\u00f6rper- und Fussbodenheizung Bei uns k\u00f6nnen Sie Heizungen und Zubeh\u00f6r folgender Hersteller erhalten: &nbsp; Das Wichtigste ist die Planung vorab &#8211; sprechen Sie &hellip; <a href=\"https:\/\/sanitaer-heizungsbau-brandt.de\/?page_id=26\" class=\"more-link\"><span class=\"screen-reader-text\">Heizung<\/span> weiterlesen <span class=\"meta-nav\">&rarr;<\/span><\/a><\/p>\n","protected":false},"author":1,"featured_media":0,"parent":0,"menu_order":0,"comment_status":"closed","ping_status":"closed","template":"","meta":[],"_links":{"self":[{"href":"https:\/\/sanitaer-heizungsbau-brandt.de\/index.php?rest_route=\/wp\/v2\/pages\/26"}],"collection":[{"href":"https:\/\/sanitaer-heizungsbau-brandt.de\/index.php?rest_route=\/wp\/v2\/pages"}],"about":[{"href":"https:\/\/sanitaer-heizungsbau-brandt.de\/index.php?rest_route=\/wp\/v2\/types\/page"}],"author":[{"embeddable":true,"href":"https:\/\/sanitaer-heizungsbau-brandt.de\/index.php?rest_route=\/wp\/v2\/users\/1"}],"replies":[{"embeddable":true,"href":"https:\/\/sanitaer-heizungsbau-brandt.de\/index.php?rest_route=%2Fwp%2Fv2%2Fcomments&post=26"}],"version-history":[{"count":11,"href":"https:\/\/sanitaer-heizungsbau-brandt.de\/index.php?rest_route=\/wp\/v2\/pages\/26\/revisions"}],"predecessor-version":[{"id":155,"href":"https:\/\/sanitaer-heizungsbau-brandt.de\/index.php?rest_route=\/wp\/v2\/pages\/26\/revisions\/155"}],"wp:attachment":[{"href":"https:\/\/sanitaer-heizungsbau-brandt.de\/index.php?rest_route=%2Fwp%2Fv2%2Fmedia&parent=26"}],"curies":[{"name":"wp","href":"https:\/\/api.w.org\/{rel}","templated":true}]}}